{"id":169,"date":"2025-06-15T00:57:07","date_gmt":"2025-06-15T00:57:07","guid":{"rendered":"https:\/\/fundacionjennymanzo.cl\/nuevaweb\/?page_id=169"},"modified":"2025-06-17T20:11:10","modified_gmt":"2025-06-17T20:11:10","slug":"galerias","status":"publish","type":"page","link":"https:\/\/fundacionjennymanzo.cl\/nuevaweb\/?page_id=169","title":{"rendered":"Galerias"},"content":{"rendered":"\n<p><\/p>\n\n\n<style>.kb-row-layout-id169_ca3674-c1 > .kt-row-column-wrap{align-content:start;}:where(.kb-row-layout-id169_ca3674-c1 > .kt-row-column-wrap) > .wp-block-kadence-column{justify-content:start;}.kb-row-layout-id169_ca3674-c1 > .kt-row-column-wrap{column-gap:var(--global-kb-gap-md, 2rem);row-gap:var(--global-kb-gap-md, 2rem);padding-top:var(--global-kb-spacing-sm, 1.5rem);padding-bottom:var(--global-kb-spacing-sm, 1.5rem);}.kb-row-layout-id169_ca3674-c1 > .kt-row-column-wrap > div:not(.added-for-specificity){grid-column:initial;}.kb-row-layout-id169_ca3674-c1 > .kt-row-column-wrap{grid-template-columns:repeat(4, minmax(0, 1fr));}.kb-row-layout-id169_ca3674-c1 > .kt-row-layout-overlay{opacity:0.30;}@media all and (max-width: 1024px){.kb-row-layout-id169_ca3674-c1 > .kt-row-column-wrap > div:not(.added-for-specificity){grid-column:initial;}}@media all and (max-width: 1024px){.kb-row-layout-id169_ca3674-c1 > .kt-row-column-wrap{grid-template-columns:repeat(4, minmax(0, 1fr));}}@media all and (max-width: 767px){.kb-row-layout-id169_ca3674-c1 > .kt-row-column-wrap > div:not(.added-for-specificity){grid-column:initial;}.kb-row-layout-id169_ca3674-c1 > .kt-row-column-wrap{grid-template-columns:minmax(0, 1fr);}}<\/style><div class=\"kb-row-layout-wrap kb-row-layout-id169_ca3674-c1 alignnone wp-block-kadence-rowlayout\"><div class=\"kt-row-column-wrap kt-has-4-columns kt-row-layout-equal kt-tab-layout-inherit kt-mobile-layout-row kt-row-valign-top\">\n<style>.kadence-column169_d4071d-2b > .kt-inside-inner-col,.kadence-column169_d4071d-2b > .kt-inside-inner-col:before{border-top-left-radius:0px;border-top-right-radius:0px;border-bottom-right-radius:0px;border-bottom-left-radius:0px;}.kadence-column169_d4071d-2b > .kt-inside-inner-col{column-gap:var(--global-kb-gap-sm, 1rem);}.kadence-column169_d4071d-2b > .kt-inside-inner-col{flex-direction:column;}.kadence-column169_d4071d-2b > .kt-inside-inner-col > .aligncenter{width:100%;}.kadence-column169_d4071d-2b > .kt-inside-inner-col:before{opacity:0.3;}.kadence-column169_d4071d-2b{position:relative;}@media all and (max-width: 1024px){.kadence-column169_d4071d-2b > .kt-inside-inner-col{flex-direction:column;justify-content:center;}}@media all and (max-width: 767px){.kadence-column169_d4071d-2b > .kt-inside-inner-col{flex-direction:column;justify-content:center;}}<\/style>\n<div class=\"wp-block-kadence-column kadence-column169_d4071d-2b\"><div class=\"kt-inside-inner-col\"><style>.wp-block-kadence-column.kb-section-dir-horizontal > .kt-inside-inner-col > .kt-info-box169_e13bb0-c1 .kt-blocks-info-box-link-wrap{max-width:unset;}.kt-info-box169_e13bb0-c1 .kt-blocks-info-box-link-wrap{padding-top:var(--global-kb-spacing-xs, 1rem);padding-right:var(--global-kb-spacing-xs, 1rem);padding-bottom:var(--global-kb-spacing-xs, 1rem);padding-left:var(--global-kb-spacing-xs, 1rem);}.kt-info-box169_e13bb0-c1 .kadence-info-box-icon-container .kt-info-svg-icon, .kt-info-box169_e13bb0-c1 .kt-info-svg-icon-flip, .kt-info-box169_e13bb0-c1 .kt-blocks-info-box-number{font-size:50px;}.kt-info-box169_e13bb0-c1 .kt-blocks-info-box-media{border-top-width:0px;border-right-width:0px;border-bottom-width:0px;border-left-width:0px;padding-top:10px;padding-right:10px;padding-bottom:10px;padding-left:10px;}.kt-info-box169_e13bb0-c1 .kt-blocks-info-box-media-container{margin-top:0px;margin-right:15px;margin-bottom:0px;margin-left:15px;}.kt-info-box169_e13bb0-c1 .kt-blocks-info-box-learnmore{background:transparent;border-width:0px 0px 0px 0px;padding-top:4px;padding-right:8px;padding-bottom:4px;padding-left:8px;margin-top:10px;margin-right:0px;margin-bottom:10px;margin-left:0px;}<\/style>\n<div class=\"wp-block-kadence-infobox kt-info-box169_e13bb0-c1\"><a class=\"kt-blocks-info-box-link-wrap info-box-link kt-blocks-info-box-media-align-top kt-info-halign-center\" href=\"https:\/\/fundacionjennymanzo.cl\/nuevaweb\/actividades\/\"><div class=\"kt-blocks-info-box-media-container\"><div class=\"kt-blocks-info-box-media kt-info-media-animate-none\"><div class=\"kadence-info-box-icon-container kt-info-icon-animate-none\"><div class=\"kadence-info-box-icon-inner-container\"><span class=\"kb-svg-icon-wrap kb-svg-icon-fas_child kt-info-svg-icon\"><svg viewBox=\"0 0 384 512\"  fill=\"currentColor\" xmlns=\"http:\/\/www.w3.org\/2000\/svg\"  aria-hidden=\"true\"><path d=\"M120 72c0-39.765 32.235-72 72-72s72 32.235 72 72c0 39.764-32.235 72-72 72s-72-32.236-72-72zm254.627 1.373c-12.496-12.497-32.758-12.497-45.254 0L242.745 160H141.254L54.627 73.373c-12.496-12.497-32.758-12.497-45.254 0-12.497 12.497-12.497 32.758 0 45.255L104 213.254V480c0 17.673 14.327 32 32 32h16c17.673 0 32-14.327 32-32V368h16v112c0 17.673 14.327 32 32 32h16c17.673 0 32-14.327 32-32V213.254l94.627-94.627c12.497-12.497 12.497-32.757 0-45.254z\"\/><\/svg><\/span><\/div><\/div><\/div><\/div><div class=\"kt-infobox-textcontent\"><h2 class=\"kt-blocks-info-box-title\">Actividades<\/h2><p class=\"kt-blocks-info-box-text\">Registro fotogr\u00e1fico de las acciones, encuentros y eventos realizados por la Fundaci\u00f3n.<\/p><\/div><\/a><\/div>\n<\/div><\/div>\n\n\n<style>.kadence-column169_de365e-d2 > .kt-inside-inner-col,.kadence-column169_de365e-d2 > .kt-inside-inner-col:before{border-top-left-radius:0px;border-top-right-radius:0px;border-bottom-right-radius:0px;border-bottom-left-radius:0px;}.kadence-column169_de365e-d2 > .kt-inside-inner-col{column-gap:var(--global-kb-gap-sm, 1rem);}.kadence-column169_de365e-d2 > .kt-inside-inner-col{flex-direction:column;}.kadence-column169_de365e-d2 > .kt-inside-inner-col > .aligncenter{width:100%;}.kadence-column169_de365e-d2 > .kt-inside-inner-col:before{opacity:0.3;}.kadence-column169_de365e-d2{position:relative;}@media all and (max-width: 1024px){.kadence-column169_de365e-d2 > .kt-inside-inner-col{flex-direction:column;justify-content:center;}}@media all and (max-width: 767px){.kadence-column169_de365e-d2 > .kt-inside-inner-col{flex-direction:column;justify-content:center;}}<\/style>\n<div class=\"wp-block-kadence-column kadence-column169_de365e-d2\"><div class=\"kt-inside-inner-col\"><style>.wp-block-kadence-column.kb-section-dir-horizontal > .kt-inside-inner-col > .kt-info-box169_9a41d7-32 .kt-blocks-info-box-link-wrap{max-width:unset;}.kt-info-box169_9a41d7-32 .kt-blocks-info-box-link-wrap{padding-top:var(--global-kb-spacing-xs, 1rem);padding-right:var(--global-kb-spacing-xs, 1rem);padding-bottom:var(--global-kb-spacing-xs, 1rem);padding-left:var(--global-kb-spacing-xs, 1rem);}.kt-info-box169_9a41d7-32 .kadence-info-box-icon-container .kt-info-svg-icon, .kt-info-box169_9a41d7-32 .kt-info-svg-icon-flip, .kt-info-box169_9a41d7-32 .kt-blocks-info-box-number{font-size:50px;}.kt-info-box169_9a41d7-32 .kt-blocks-info-box-media{border-top-width:0px;border-right-width:0px;border-bottom-width:0px;border-left-width:0px;padding-top:10px;padding-right:10px;padding-bottom:10px;padding-left:10px;}.kt-info-box169_9a41d7-32 .kt-blocks-info-box-media-container{margin-top:0px;margin-right:15px;margin-bottom:0px;margin-left:15px;}.kt-info-box169_9a41d7-32 .kt-blocks-info-box-learnmore{background:transparent;border-width:0px 0px 0px 0px;padding-top:4px;padding-right:8px;padding-bottom:4px;padding-left:8px;margin-top:10px;margin-right:0px;margin-bottom:10px;margin-left:0px;}<\/style>\n<div class=\"wp-block-kadence-infobox kt-info-box169_9a41d7-32\"><a class=\"kt-blocks-info-box-link-wrap info-box-link kt-blocks-info-box-media-align-top kt-info-halign-center\" href=\"https:\/\/fundacionjennymanzo.cl\/nuevaweb\/campanas\/\"><div class=\"kt-blocks-info-box-media-container\"><div class=\"kt-blocks-info-box-media kt-info-media-animate-none\"><div class=\"kadence-info-box-icon-container kt-info-icon-animate-none\"><div class=\"kadence-info-box-icon-inner-container\"><span class=\"kb-svg-icon-wrap kb-svg-icon-fe_thumbsUp kt-info-svg-icon\"><svg viewBox=\"0 0 24 24\"  fill=\"none\" stroke=\"currentColor\" stroke-width=\"2\" stroke-linecap=\"round\" stroke-linejoin=\"round\" xmlns=\"http:\/\/www.w3.org\/2000\/svg\"  aria-hidden=\"true\"><path d=\"M14 9V5a3 3 0 0 0-3-3l-4 9v11h11.28a2 2 0 0 0 2-1.7l1.38-9a2 2 0 0 0-2-2.3zM7 22H4a2 2 0 0 1-2-2v-7a2 2 0 0 1 2-2h3\"\/><\/svg><\/span><\/div><\/div><\/div><\/div><div class=\"kt-infobox-textcontent\"><h2 class=\"kt-blocks-info-box-title\">Campa\u00f1as<\/h2><p class=\"kt-blocks-info-box-text\">Galer\u00eda de nuestras campa\u00f1as de concientizaci\u00f3n, difusi\u00f3n y apoyo a pacientes y familias.<\/p><\/div><\/a><\/div>\n<\/div><\/div>\n\n\n<style>.kadence-column169_91f1b1-f0 > .kt-inside-inner-col,.kadence-column169_91f1b1-f0 > .kt-inside-inner-col:before{border-top-left-radius:0px;border-top-right-radius:0px;border-bottom-right-radius:0px;border-bottom-left-radius:0px;}.kadence-column169_91f1b1-f0 > .kt-inside-inner-col{column-gap:var(--global-kb-gap-sm, 1rem);}.kadence-column169_91f1b1-f0 > .kt-inside-inner-col{flex-direction:column;}.kadence-column169_91f1b1-f0 > .kt-inside-inner-col > .aligncenter{width:100%;}.kadence-column169_91f1b1-f0 > .kt-inside-inner-col:before{opacity:0.3;}.kadence-column169_91f1b1-f0{position:relative;}@media all and (max-width: 1024px){.kadence-column169_91f1b1-f0 > .kt-inside-inner-col{flex-direction:column;justify-content:center;}}@media all and (max-width: 767px){.kadence-column169_91f1b1-f0 > .kt-inside-inner-col{flex-direction:column;justify-content:center;}}<\/style>\n<div class=\"wp-block-kadence-column kadence-column169_91f1b1-f0\"><div class=\"kt-inside-inner-col\"><style>.wp-block-kadence-column.kb-section-dir-horizontal > .kt-inside-inner-col > .kt-info-box169_d0a5a3-b6 .kt-blocks-info-box-link-wrap{max-width:unset;}.kt-info-box169_d0a5a3-b6 .kt-blocks-info-box-link-wrap{padding-top:var(--global-kb-spacing-xs, 1rem);padding-right:var(--global-kb-spacing-xs, 1rem);padding-bottom:var(--global-kb-spacing-xs, 1rem);padding-left:var(--global-kb-spacing-xs, 1rem);}.kt-info-box169_d0a5a3-b6 .kadence-info-box-icon-container .kt-info-svg-icon, .kt-info-box169_d0a5a3-b6 .kt-info-svg-icon-flip, .kt-info-box169_d0a5a3-b6 .kt-blocks-info-box-number{font-size:50px;}.kt-info-box169_d0a5a3-b6 .kt-blocks-info-box-media{border-top-width:0px;border-right-width:0px;border-bottom-width:0px;border-left-width:0px;padding-top:10px;padding-right:10px;padding-bottom:10px;padding-left:10px;}.kt-info-box169_d0a5a3-b6 .kt-blocks-info-box-media-container{margin-top:0px;margin-right:15px;margin-bottom:0px;margin-left:15px;}.kt-info-box169_d0a5a3-b6 .kt-blocks-info-box-learnmore{background:transparent;border-width:0px 0px 0px 0px;padding-top:4px;padding-right:8px;padding-bottom:4px;padding-left:8px;margin-top:10px;margin-right:0px;margin-bottom:10px;margin-left:0px;}<\/style>\n<div class=\"wp-block-kadence-infobox kt-info-box169_d0a5a3-b6\"><a class=\"kt-blocks-info-box-link-wrap info-box-link kt-blocks-info-box-media-align-top kt-info-halign-center\" href=\"https:\/\/fundacionjennymanzo.cl\/nuevaweb\/doctores\/\"><div class=\"kt-blocks-info-box-media-container\"><div class=\"kt-blocks-info-box-media kt-info-media-animate-none\"><div class=\"kadence-info-box-icon-container kt-info-icon-animate-none\"><div class=\"kadence-info-box-icon-inner-container\"><span class=\"kb-svg-icon-wrap kb-svg-icon-fas_user-md kt-info-svg-icon\"><svg viewBox=\"0 0 448 512\"  fill=\"currentColor\" xmlns=\"http:\/\/www.w3.org\/2000\/svg\"  aria-hidden=\"true\"><path d=\"M224 256c70.7 0 128-57.3 128-128S294.7 0 224 0 96 57.3 96 128s57.3 128 128 128zM104 424c0 13.3 10.7 24 24 24s24-10.7 24-24-10.7-24-24-24-24 10.7-24 24zm216-135.4v49c36.5 7.4 64 39.8 64 78.4v41.7c0 7.6-5.4 14.2-12.9 15.7l-32.2 6.4c-4.3.9-8.5-1.9-9.4-6.3l-3.1-15.7c-.9-4.3 1.9-8.6 6.3-9.4l19.3-3.9V416c0-62.8-96-65.1-96 1.9v26.7l19.3 3.9c4.3.9 7.1 5.1 6.3 9.4l-3.1 15.7c-.9 4.3-5.1 7.1-9.4 6.3l-31.2-4.2c-7.9-1.1-13.8-7.8-13.8-15.9V416c0-38.6 27.5-70.9 64-78.4v-45.2c-2.2.7-4.4 1.1-6.6 1.9-18 6.3-37.3 9.8-57.4 9.8s-39.4-3.5-57.4-9.8c-7.4-2.6-14.9-4.2-22.6-5.2v81.6c23.1 6.9 40 28.1 40 53.4 0 30.9-25.1 56-56 56s-56-25.1-56-56c0-25.3 16.9-46.5 40-53.4v-80.4C48.5 301 0 355.8 0 422.4v44.8C0 491.9 20.1 512 44.8 512h358.4c24.7 0 44.8-20.1 44.8-44.8v-44.8c0-72-56.8-130.3-128-133.8z\"\/><\/svg><\/span><\/div><\/div><\/div><\/div><div class=\"kt-infobox-textcontent\"><h2 class=\"kt-blocks-info-box-title\">Doctores<\/h2><p class=\"kt-blocks-info-box-text\">Fotograf\u00edas de los profesionales de la salud que colaboran con nuestra misi\u00f3n y visi\u00f3n solidaria.<\/p><\/div><\/a><\/div>\n<\/div><\/div>\n\n\n<style>.kadence-column169_0162b3-41 > .kt-inside-inner-col,.kadence-column169_0162b3-41 > .kt-inside-inner-col:before{border-top-left-radius:0px;border-top-right-radius:0px;border-bottom-right-radius:0px;border-bottom-left-radius:0px;}.kadence-column169_0162b3-41 > .kt-inside-inner-col{column-gap:var(--global-kb-gap-sm, 1rem);}.kadence-column169_0162b3-41 > .kt-inside-inner-col{flex-direction:column;}.kadence-column169_0162b3-41 > .kt-inside-inner-col > .aligncenter{width:100%;}.kadence-column169_0162b3-41 > .kt-inside-inner-col:before{opacity:0.3;}.kadence-column169_0162b3-41{position:relative;}@media all and (max-width: 1024px){.kadence-column169_0162b3-41 > .kt-inside-inner-col{flex-direction:column;justify-content:center;}}@media all and (max-width: 767px){.kadence-column169_0162b3-41 > .kt-inside-inner-col{flex-direction:column;justify-content:center;}}<\/style>\n<div class=\"wp-block-kadence-column kadence-column169_0162b3-41\"><div class=\"kt-inside-inner-col\"><style>.wp-block-kadence-column.kb-section-dir-horizontal > .kt-inside-inner-col > .kt-info-box169_54ee26-48 .kt-blocks-info-box-link-wrap{max-width:unset;}.kt-info-box169_54ee26-48 .kt-blocks-info-box-link-wrap{padding-top:var(--global-kb-spacing-xs, 1rem);padding-right:var(--global-kb-spacing-xs, 1rem);padding-bottom:var(--global-kb-spacing-xs, 1rem);padding-left:var(--global-kb-spacing-xs, 1rem);}.kt-info-box169_54ee26-48 .kadence-info-box-icon-container .kt-info-svg-icon, .kt-info-box169_54ee26-48 .kt-info-svg-icon-flip, .kt-info-box169_54ee26-48 .kt-blocks-info-box-number{font-size:50px;}.kt-info-box169_54ee26-48 .kt-blocks-info-box-media{border-top-width:0px;border-right-width:0px;border-bottom-width:0px;border-left-width:0px;padding-top:10px;padding-right:10px;padding-bottom:10px;padding-left:10px;}.kt-info-box169_54ee26-48 .kt-blocks-info-box-media-container{margin-top:0px;margin-right:15px;margin-bottom:0px;margin-left:15px;}.kt-info-box169_54ee26-48 .kt-blocks-info-box-learnmore{background:transparent;border-width:0px 0px 0px 0px;padding-top:4px;padding-right:8px;padding-bottom:4px;padding-left:8px;margin-top:10px;margin-right:0px;margin-bottom:10px;margin-left:0px;}<\/style>\n<div class=\"wp-block-kadence-infobox kt-info-box169_54ee26-48\"><span class=\"kt-blocks-info-box-link-wrap info-box-link kt-blocks-info-box-media-align-top kt-info-halign-center\"><div class=\"kt-blocks-info-box-media-container\"><div class=\"kt-blocks-info-box-media kt-info-media-animate-none\"><div class=\"kadence-info-box-icon-container kt-info-icon-animate-none\"><div class=\"kadence-info-box-icon-inner-container\"><span class=\"kb-svg-icon-wrap kb-svg-icon-fe_userPlus kt-info-svg-icon\"><svg viewBox=\"0 0 24 24\"  fill=\"none\" stroke=\"currentColor\" stroke-width=\"2\" stroke-linecap=\"round\" stroke-linejoin=\"round\" xmlns=\"http:\/\/www.w3.org\/2000\/svg\"  aria-hidden=\"true\"><path d=\"M16 21v-2a4 4 0 0 0-4-4H5a4 4 0 0 0-4 4v2\"\/><circle cx=\"8.5\" cy=\"7\" r=\"4\"\/><line x1=\"20\" y1=\"8\" x2=\"20\" y2=\"14\"\/><line x1=\"23\" y1=\"11\" x2=\"17\" y2=\"11\"\/><\/svg><\/span><\/div><\/div><\/div><\/div><div class=\"kt-infobox-textcontent\"><h2 class=\"kt-blocks-info-box-title\">Personalidades que nos apoyan<\/h2><p class=\"kt-blocks-info-box-text\">m\u00e1genes de personalidades p\u00fablicas que han respaldado nuestra causa con su presencia y compromiso.<\/p><\/div><\/span><\/div>\n<\/div><\/div>\n\n\n<style>.kadence-column169_e2602b-43 > .kt-inside-inner-col,.kadence-column169_e2602b-43 > .kt-inside-inner-col:before{border-top-left-radius:0px;border-top-right-radius:0px;border-bottom-right-radius:0px;border-bottom-left-radius:0px;}.kadence-column169_e2602b-43 > .kt-inside-inner-col{column-gap:var(--global-kb-gap-sm, 1rem);}.kadence-column169_e2602b-43 > .kt-inside-inner-col{flex-direction:column;}.kadence-column169_e2602b-43 > .kt-inside-inner-col > .aligncenter{width:100%;}.kadence-column169_e2602b-43 > .kt-inside-inner-col:before{opacity:0.3;}.kadence-column169_e2602b-43{position:relative;}@media all and (max-width: 1024px){.kadence-column169_e2602b-43 > .kt-inside-inner-col{flex-direction:column;justify-content:center;}}@media all and (max-width: 767px){.kadence-column169_e2602b-43 > .kt-inside-inner-col{flex-direction:column;justify-content:center;}}<\/style>\n<div class=\"wp-block-kadence-column kadence-column169_e2602b-43\"><div class=\"kt-inside-inner-col\"><\/div><\/div>\n\n<\/div><\/div>\n\n\n<p><\/p>\n","protected":false},"excerpt":{"rendered":"","protected":false},"author":1,"featured_media":0,"parent":0,"menu_order":0,"comment_status":"closed","ping_status":"closed","template":"","meta":{"pagelayer_contact_templates":[],"_pagelayer_content":"","footnotes":""},"class_list":["post-169","page","type-page","status-publish","hentry"],"blocksy_meta":[],"jetpack_sharing_enabled":true,"_links":{"self":[{"href":"https:\/\/fundacionjennymanzo.cl\/nuevaweb\/index.php?rest_route=\/wp\/v2\/pages\/169","targetHints":{"allow":["GET"]}}],"collection":[{"href":"https:\/\/fundacionjennymanzo.cl\/nuevaweb\/index.php?rest_route=\/wp\/v2\/pages"}],"about":[{"href":"https:\/\/fundacionjennymanzo.cl\/nuevaweb\/index.php?rest_route=\/wp\/v2\/types\/page"}],"author":[{"embeddable":true,"href":"https:\/\/fundacionjennymanzo.cl\/nuevaweb\/index.php?rest_route=\/wp\/v2\/users\/1"}],"replies":[{"embeddable":true,"href":"https:\/\/fundacionjennymanzo.cl\/nuevaweb\/index.php?rest_route=%2Fwp%2Fv2%2Fcomments&post=169"}],"version-history":[{"count":6,"href":"https:\/\/fundacionjennymanzo.cl\/nuevaweb\/index.php?rest_route=\/wp\/v2\/pages\/169\/revisions"}],"predecessor-version":[{"id":713,"href":"https:\/\/fundacionjennymanzo.cl\/nuevaweb\/index.php?rest_route=\/wp\/v2\/pages\/169\/revisions\/713"}],"wp:attachment":[{"href":"https:\/\/fundacionjennymanzo.cl\/nuevaweb\/index.php?rest_route=%2Fwp%2Fv2%2Fmedia&parent=169"}],"curies":[{"name":"wp","href":"https:\/\/api.w.org\/{rel}","templated":true}]}}